{"id":642,"date":"2024-06-07T12:13:02","date_gmt":"2024-06-07T15:13:02","guid":{"rendered":"http:\/\/10.8.110.112:8020\/?page_id=642"},"modified":"2026-02-04T16:55:22","modified_gmt":"2026-02-04T19:55:22","slug":"mision-vision","status":"publish","type":"page","link":"https:\/\/www.serviciosaludaysen.cl\/index.php\/mision-vision\/","title":{"rendered":"Misi\u00f3n visi\u00f3n"},"content":{"rendered":"\t\t<div data-elementor-type=\"wp-page\" data-elementor-id=\"642\" class=\"elementor elementor-642\">\n\t\t\t\t<div class=\"elementor-element elementor-element-3755d072 e-flex e-con-boxed e-con e-parent\" data-id=\"3755d072\" data-element_type=\"container\">\n\t\t\t\t\t<div class=\"e-con-inner\">\n\t\t\t\t<div class=\"elementor-element elementor-element-2c91ebc elementor-widget elementor-widget-heading\" data-id=\"2c91ebc\" data-element_type=\"widget\" data-widget_type=\"heading.default\">\n\t\t\t\t<div class=\"elementor-widget-container\">\n\t\t\t\t\t<h2 class=\"elementor-heading-title elementor-size-default\">Misi\u00f3n<\/h2>\t\t\t\t<\/div>\n\t\t\t\t<\/div>\n\t\t\t\t<div class=\"elementor-element elementor-element-35f48fc elementor-widget elementor-widget-text-editor\" data-id=\"35f48fc\" data-element_type=\"widget\" data-widget_type=\"text-editor.default\">\n\t\t\t\t<div class=\"elementor-widget-container\">\n\t\t\t\t\t\t\t\t\t\n<p><span style=\"font-weight: 400;\">Somos una Red de Salud P\u00fablica Asistencial y Docente, que otorga acceso equitativo a la salud de <\/span><span style=\"font-weight: 400;\">todas las personas en la regi\u00f3n de Ays\u00e9n, a trav\u00e9s de la articulaci\u00f3n y coordinaci\u00f3n, con compromiso, respeto y probidad.<\/span><\/p>\n\t\t\t\t\t\t\t\t<\/div>\n\t\t\t\t<\/div>\n\t\t\t\t<div class=\"elementor-element elementor-element-c908100 elementor-widget elementor-widget-heading\" data-id=\"c908100\" data-element_type=\"widget\" data-widget_type=\"heading.default\">\n\t\t\t\t<div class=\"elementor-widget-container\">\n\t\t\t\t\t<h2 class=\"elementor-heading-title elementor-size-default\">Visi\u00f3n<\/h2>\t\t\t\t<\/div>\n\t\t\t\t<\/div>\n\t\t\t\t<div class=\"elementor-element elementor-element-f16b2bd elementor-widget elementor-widget-text-editor\" data-id=\"f16b2bd\" data-element_type=\"widget\" data-widget_type=\"text-editor.default\">\n\t\t\t\t<div class=\"elementor-widget-container\">\n\t\t\t\t\t\t\t\t\t<p>Al a\u00f1o 2030, seremos uno de los tres primeros Servicios de Salud en los resultados de gesti\u00f3n medidos por el Ministerio de Salud.<\/p>\t\t\t\t\t\t\t\t<\/div>\n\t\t\t\t<\/div>\n\t\t\t\t<div class=\"elementor-element elementor-element-de12cf9 elementor-widget elementor-widget-heading\" data-id=\"de12cf9\" data-element_type=\"widget\" data-widget_type=\"heading.default\">\n\t\t\t\t<div class=\"elementor-widget-container\">\n\t\t\t\t\t<h2 class=\"elementor-heading-title elementor-size-default\">Valores<\/h2>\t\t\t\t<\/div>\n\t\t\t\t<\/div>\n\t\t\t\t<div class=\"elementor-element elementor-element-e3209db elementor-widget elementor-widget-text-editor\" data-id=\"e3209db\" data-element_type=\"widget\" data-widget_type=\"text-editor.default\">\n\t\t\t\t<div class=\"elementor-widget-container\">\n\t\t\t\t\t\t\t\t\t<div>\n<ul>\n<li><strong>Compromiso:<\/strong> nuestra promesa es actuar con dedicaci\u00f3n y responsabilidad, manteniendo siempre la mirada en nuestra misi\u00f3n y visi\u00f3n, trabajando unidos por la salud de Ays\u00e9n.<\/li>\n<li><strong>Excelencia:<\/strong> nos comprometemos a trabajar en base a procesos y comportamientos orientados a conseguir la m\u00e1xima eficacia en la gesti\u00f3n.<\/li>\n<li><strong>Respeto:<\/strong> aceptamos y valoramos la diversidad, fomentando un ambiente de trabajo inclusivo y justo, donde cada voz es escuchada y cada persona es valorada.<\/li>\n<li><strong>Perseverancia:<\/strong> ante los desaf\u00edos, nuestra respuesta es la constancia y la tenacidad. Superamos los obst\u00e1culos con firmeza y aprendemos de cada experiencia para crecer.<\/li>\n<li><strong>Probidad:<\/strong> actuamos con integridad y transparencia en todas nuestras gestiones. La honestidad es la base de la confianza que la comunidad deposita en nosotros.<\/li>\n<\/ul>\n<\/div>\n<div>\u00a0<\/div>\t\t\t\t\t\t\t\t<\/div>\n\t\t\t\t<\/div>\n\t\t\t\t<div class=\"elementor-element elementor-element-55a2d74 elementor-widget elementor-widget-heading\" data-id=\"55a2d74\" data-element_type=\"widget\" data-widget_type=\"heading.default\">\n\t\t\t\t<div class=\"elementor-widget-container\">\n\t\t\t\t\t<h2 class=\"elementor-heading-title elementor-size-default\">Objetivos Estrat\u00e9gicos\n<\/h2>\t\t\t\t<\/div>\n\t\t\t\t<\/div>\n\t\t\t\t<div class=\"elementor-element elementor-element-dcd8892 elementor-widget elementor-widget-text-editor\" data-id=\"dcd8892\" data-element_type=\"widget\" data-widget_type=\"text-editor.default\">\n\t\t\t\t<div class=\"elementor-widget-container\">\n\t\t\t\t\t\t\t\t\t<ol>\n<li><b>Mejorar el acceso y la oportunidad de la atenci\u00f3n en la Red Asistencial para aumentar la satisfacci\u00f3n usuaria:<\/b> la Red Asistencial tender\u00e1 a utilizar el m\u00e1ximo de su capacidad disponible, para aumentar el acceso y oportunidad de la atenci\u00f3n, reduciendo los tiempos de espera, mejorando la resoluci\u00f3n de casos GES y aumentando el acceso al primer nivel de atenci\u00f3n. Se descentralizar\u00e1 la atenci\u00f3n en la Red Asistencial, implementando estrategias de resoluci\u00f3n local, a trav\u00e9s de rondas de especialistas y servicios de telemedicina para mejorar la accesibilidad y capacitar al personal para una atenci\u00f3n equitativa, todo mientras se recoge activamente la retroalimentaci\u00f3n de los usuarios para ajustar servicios y garantizar su satisfacci\u00f3n. Considerar\u00e1 la coordinaci\u00f3n intersectorial p\u00fablico y privada.<\/li>\n<li><b>Fortalecer la articulaci\u00f3n y coordinaci\u00f3n de la Red Asistencial, basada en <\/b><b>la Atenci\u00f3n Primaria de Salud (APS)<\/b>: la Red fortalecer\u00e1 el Modelo de Atenci\u00f3n Integral de Salud, con enfoque Familiar y Comunitaria (MAISFC), con \u00e9nfasis en la continuidad de los cuidados del curso de vida de las personas en<br \/>Ays\u00e9n, centrado en el usuario y su integralidad.<\/li>\n<li><b>Desarrollar nuevas capacidades de anticipaci\u00f3n de la demanda y contingencias de salud en Ays\u00e9n:<\/b> el Servicio de Salud de Ays\u00e9n desarrollar\u00e1 e implementar\u00e1 una oferta de atenci\u00f3n que se ajuste din\u00e1micamente a las necesidades cambiantes de la poblaci\u00f3n, asegurando una cobertura integral y<br \/>de calidad.<\/li>\n<li><b>Aumentar la resolutividad de los establecimientos de la Red Asistencial, <\/b><b>acercando la atenci\u00f3n a los territorios:<\/b> centrado en la persona, con enfoque integral y territorial, asegurando la continuidad de la atenci\u00f3n. Implica aumentar el uso de tecnolog\u00edas e innovaci\u00f3n para mejorar la calidad de la atenci\u00f3n.<\/li>\n<li><b>Implementar la transformaci\u00f3n digital:<\/b> el Servicio de Salud Ays\u00e9n desarrollar\u00e1 e implementar\u00e1 la estrategia, basada en un cambio organizacional, humano y tecnol\u00f3gico.<\/li>\n<li><b>Implementar pol\u00edticas de Gesti\u00f3n y Desarrollo de las Personas:<\/b> para el cumplimiento de los objetivos de la instituci\u00f3n, las personas y su desarrollo son fundamentales, considerando idoneidad, capacitaci\u00f3n y desarrollo de competencias, carrera funcionaria, con enfoque de derechos y el buen trato del usuario externo e interno, entre otras. La Red aspirar\u00e1 a contar con un equipo altamente calificado, comprometido y valorados por la Red, capaz de ofrecer servicios de salud excepcionales, accesibles y de calidad, en entornos y condiciones laborales dignas.<\/li>\n<li><b>Fortalecer la gesti\u00f3n eficiente y transparente de los recursos financieros <\/b><b>p\u00fablicos:<\/b> el Servicio de Salud promover\u00e1 pol\u00edticas de distribuci\u00f3n equitativa de recursos y revisar\u00e1 peri\u00f3dicamente las pr\u00e1cticas financieras para asegurar que cada inversi\u00f3n contribuya directamente a una mejor salud para todos. Esto<br \/>implicar\u00e1 la planificaci\u00f3n y asignaci\u00f3n de recursos, con el objetivo de contar con espacios f\u00edsicos que faciliten una atenci\u00f3n sanitaria de calidad, asegurando una inversi\u00f3n que facilite alcanzar la excelencia en el cuidado de la salud a largo plazo.<\/li>\n<li><b>Aumentar los recursos financieros disponibles:<\/b> para el cumplimiento de objetivos y desarrollo de la organizaci\u00f3n, el Servicio de Salud implementar\u00e1 estrategias que comprendan el aumento de los recursos financieros, basadasen diagn\u00f3sticos de brechas fundadas, velando por la eficiencia y oportunidad de la gesti\u00f3n. Considera recursos sectoriales e intersectoriales.<\/li>\n<\/ol>\t\t\t\t\t\t\t\t<\/div>\n\t\t\t\t<\/div>\n\t\t\t\t\t<\/div>\n\t\t\t\t<\/div>\n\t\t\t\t<\/div>\n\t\t","protected":false},"excerpt":{"rendered":"<p>Misi\u00f3n Somos una Red de Salud P\u00fablica Asistencial y Docente, que otorga acceso equitativo a la salud de todas las [&hellip;]<\/p>\n","protected":false},"author":1,"featured_media":0,"parent":0,"menu_order":0,"comment_status":"closed","ping_status":"closed","template":"","meta":{"_eb_attr":"","site-sidebar-layout":"default","site-content-layout":"","ast-site-content-layout":"default","site-content-style":"default","site-sidebar-style":"default","ast-global-header-display":"","ast-banner-title-visibility":"","ast-main-header-display":"","ast-hfb-above-header-display":"","ast-hfb-below-header-display":"","ast-hfb-mobile-header-display":"","site-post-title":"disabled","ast-breadcrumbs-content":"","ast-featured-img":"","footer-sml-layout":"","theme-transparent-header-meta":"","adv-header-id-meta":"","stick-header-meta":"","header-above-stick-meta":"","header-main-stick-meta":"","header-below-stick-meta":"","astra-migrate-meta-layouts":"default","ast-page-background-enabled":"default","ast-page-background-meta":{"desktop":{"background-color":"var(--ast-global-color-4)","background-image":"","background-repeat":"repeat","background-position":"center center","background-size":"auto","background-attachment":"scroll","background-type":"","background-media":"","overlay-type":"","overlay-color":"","overlay-opacity":"","overlay-gradient":""},"tablet":{"background-color":"","background-image":"","background-repeat":"repeat","background-position":"center center","background-size":"auto","background-attachment":"scroll","background-type":"","background-media":"","overlay-type":"","overlay-color":"","overlay-opacity":"","overlay-gradient":""},"mobile":{"background-color":"","background-image":"","background-repeat":"repeat","background-position":"center center","background-size":"auto","background-attachment":"scroll","background-type":"","background-media":"","overlay-type":"","overlay-color":"","overlay-opacity":"","overlay-gradient":""}},"ast-content-background-meta":{"desktop":{"background-color":"var(--ast-global-color-5)","background-image":"","background-repeat":"repeat","background-position":"center center","background-size":"auto","background-attachment":"scroll","background-type":"","background-media":"","overlay-type":"","overlay-color":"","overlay-opacity":"","overlay-gradient":""},"tablet":{"background-color":"var(--ast-global-color-5)","background-image":"","background-repeat":"repeat","background-position":"center center","background-size":"auto","background-attachment":"scroll","background-type":"","background-media":"","overlay-type":"","overlay-color":"","overlay-opacity":"","overlay-gradient":""},"mobile":{"background-color":"var(--ast-global-color-5)","background-image":"","background-repeat":"repeat","background-position":"center center","background-size":"auto","background-attachment":"scroll","background-type":"","background-media":"","overlay-type":"","overlay-color":"","overlay-opacity":"","overlay-gradient":""}},"footnotes":""},"class_list":["post-642","page","type-page","status-publish","hentry"],"_links":{"self":[{"href":"https:\/\/www.serviciosaludaysen.cl\/index.php\/wp-json\/wp\/v2\/pages\/642","targetHints":{"allow":["GET"]}}],"collection":[{"href":"https:\/\/www.serviciosaludaysen.cl\/index.php\/wp-json\/wp\/v2\/pages"}],"about":[{"href":"https:\/\/www.serviciosaludaysen.cl\/index.php\/wp-json\/wp\/v2\/types\/page"}],"author":[{"embeddable":true,"href":"https:\/\/www.serviciosaludaysen.cl\/index.php\/wp-json\/wp\/v2\/users\/1"}],"replies":[{"embeddable":true,"href":"https:\/\/www.serviciosaludaysen.cl\/index.php\/wp-json\/wp\/v2\/comments?post=642"}],"version-history":[{"count":26,"href":"https:\/\/www.serviciosaludaysen.cl\/index.php\/wp-json\/wp\/v2\/pages\/642\/revisions"}],"predecessor-version":[{"id":5585,"href":"https:\/\/www.serviciosaludaysen.cl\/index.php\/wp-json\/wp\/v2\/pages\/642\/revisions\/5585"}],"wp:attachment":[{"href":"https:\/\/www.serviciosaludaysen.cl\/index.php\/wp-json\/wp\/v2\/media?parent=642"}],"curies":[{"name":"wp","href":"https:\/\/api.w.org\/{rel}","templated":true}]}}

Misión visión

<div data-elementor-type="wp-page" data-elementor-id="642" class="elementor elementor-642">
				<div class="elementor-element elementor-element-3755d072 e-flex e-con-boxed e-con e-parent" data-id="3755d072" data-element_type="container">
					<div class="e-con-inner">
				<div class="elementor-element elementor-element-2c91ebc elementor-widget elementor-widget-heading" data-id="2c91ebc" data-element_type="widget" data-widget_type="heading.default">
				<div class="elementor-widget-container">
					<h2 class="elementor-heading-title elementor-size-default">Misión</h2>				</div>
				</div>
				<div class="elementor-element elementor-element-35f48fc elementor-widget elementor-widget-text-editor" data-id="35f48fc" data-element_type="widget" data-widget_type="text-editor.default">
				<div class="elementor-widget-container">
									
<p><span style="font-weight: 400;">Somos una Red de Salud Pública Asistencial y Docente, que otorga acceso equitativo a la salud de </span><span style="font-weight: 400;">todas las personas en la región de Aysén, a través de la articulación y coordinación, con compromiso, respeto y probidad.</span></p>
								</div>
				</div>
				<div class="elementor-element elementor-element-c908100 elementor-widget elementor-widget-heading" data-id="c908100" data-element_type="widget" data-widget_type="heading.default">
				<div class="elementor-widget-container">
					<h2 class="elementor-heading-title elementor-size-default">Visión</h2>				</div>
				</div>
				<div class="elementor-element elementor-element-f16b2bd elementor-widget elementor-widget-text-editor" data-id="f16b2bd" data-element_type="widget" data-widget_type="text-editor.default">
				<div class="elementor-widget-container">
									<p>Al año 2030, seremos uno de los tres primeros Servicios de Salud en los resultados de gestión medidos por el Ministerio de Salud.</p>								</div>
				</div>
				<div class="elementor-element elementor-element-de12cf9 elementor-widget elementor-widget-heading" data-id="de12cf9" data-element_type="widget" data-widget_type="heading.default">
				<div class="elementor-widget-container">
					<h2 class="elementor-heading-title elementor-size-default">Valores</h2>				</div>
				</div>
				<div class="elementor-element elementor-element-e3209db elementor-widget elementor-widget-text-editor" data-id="e3209db" data-element_type="widget" data-widget_type="text-editor.default">
				<div class="elementor-widget-container">
									<div>
<ul>
<li><strong>Compromiso:</strong> nuestra promesa es actuar con dedicación y responsabilidad, manteniendo siempre la mirada en nuestra misión y visión, trabajando unidos por la salud de Aysén.</li>
<li><strong>Excelencia:</strong> nos comprometemos a trabajar en base a procesos y comportamientos orientados a conseguir la máxima eficacia en la gestión.</li>
<li><strong>Respeto:</strong> aceptamos y valoramos la diversidad, fomentando un ambiente de trabajo inclusivo y justo, donde cada voz es escuchada y cada persona es valorada.</li>
<li><strong>Perseverancia:</strong> ante los desafíos, nuestra respuesta es la constancia y la tenacidad. Superamos los obstáculos con firmeza y aprendemos de cada experiencia para crecer.</li>
<li><strong>Probidad:</strong> actuamos con integridad y transparencia en todas nuestras gestiones. La honestidad es la base de la confianza que la comunidad deposita en nosotros.</li>
</ul>
</div>
<div> </div>								</div>
				</div>
				<div class="elementor-element elementor-element-55a2d74 elementor-widget elementor-widget-heading" data-id="55a2d74" data-element_type="widget" data-widget_type="heading.default">
				<div class="elementor-widget-container">
					<h2 class="elementor-heading-title elementor-size-default">Objetivos Estratégicos
</h2>				</div>
				</div>
				<div class="elementor-element elementor-element-dcd8892 elementor-widget elementor-widget-text-editor" data-id="dcd8892" data-element_type="widget" data-widget_type="text-editor.default">
				<div class="elementor-widget-container">
									<ol>
<li><b>Mejorar el acceso y la oportunidad de la atención en la Red Asistencial para aumentar la satisfacción usuaria:</b> la Red Asistencial tenderá a utilizar el máximo de su capacidad disponible, para aumentar el acceso y oportunidad de la atención, reduciendo los tiempos de espera, mejorando la resolución de casos GES y aumentando el acceso al primer nivel de atención. Se descentralizará la atención en la Red Asistencial, implementando estrategias de resolución local, a través de rondas de especialistas y servicios de telemedicina para mejorar la accesibilidad y capacitar al personal para una atención equitativa, todo mientras se recoge activamente la retroalimentación de los usuarios para ajustar servicios y garantizar su satisfacción. Considerará la coordinación intersectorial público y privada.</li>
<li><b>Fortalecer la articulación y coordinación de la Red Asistencial, basada en </b><b>la Atención Primaria de Salud (APS)</b>: la Red fortalecerá el Modelo de Atención Integral de Salud, con enfoque Familiar y Comunitaria (MAISFC), con énfasis en la continuidad de los cuidados del curso de vida de las personas en<br />Aysén, centrado en el usuario y su integralidad.</li>
<li><b>Desarrollar nuevas capacidades de anticipación de la demanda y contingencias de salud en Aysén:</b> el Servicio de Salud de Aysén desarrollará e implementará una oferta de atención que se ajuste dinámicamente a las necesidades cambiantes de la población, asegurando una cobertura integral y<br />de calidad.</li>
<li><b>Aumentar la resolutividad de los establecimientos de la Red Asistencial, </b><b>acercando la atención a los territorios:</b> centrado en la persona, con enfoque integral y territorial, asegurando la continuidad de la atención. Implica aumentar el uso de tecnologías e innovación para mejorar la calidad de la atención.</li>
<li><b>Implementar la transformación digital:</b> el Servicio de Salud Aysén desarrollará e implementará la estrategia, basada en un cambio organizacional, humano y tecnológico.</li>
<li><b>Implementar políticas de Gestión y Desarrollo de las Personas:</b> para el cumplimiento de los objetivos de la institución, las personas y su desarrollo son fundamentales, considerando idoneidad, capacitación y desarrollo de competencias, carrera funcionaria, con enfoque de derechos y el buen trato del usuario externo e interno, entre otras. La Red aspirará a contar con un equipo altamente calificado, comprometido y valorados por la Red, capaz de ofrecer servicios de salud excepcionales, accesibles y de calidad, en entornos y condiciones laborales dignas.</li>
<li><b>Fortalecer la gestión eficiente y transparente de los recursos financieros </b><b>públicos:</b> el Servicio de Salud promoverá políticas de distribución equitativa de recursos y revisará periódicamente las prácticas financieras para asegurar que cada inversión contribuya directamente a una mejor salud para todos. Esto<br />implicará la planificación y asignación de recursos, con el objetivo de contar con espacios físicos que faciliten una atención sanitaria de calidad, asegurando una inversión que facilite alcanzar la excelencia en el cuidado de la salud a largo plazo.</li>
<li><b>Aumentar los recursos financieros disponibles:</b> para el cumplimiento de objetivos y desarrollo de la organización, el Servicio de Salud implementará estrategias que comprendan el aumento de los recursos financieros, basadasen diagnósticos de brechas fundadas, velando por la eficiencia y oportunidad de la gestión. Considera recursos sectoriales e intersectoriales.</li>
</ol>								</div>
				</div>
					</div>
				</div>
				</div>

<p>Misión Somos una Red de Salud Pública Asistencial y Docente, que otorga acceso equitativo a la salud de todas las [&hellip;]</p>
